{"id":118,"date":"2017-10-30T14:27:36","date_gmt":"2017-10-30T12:27:36","guid":{"rendered":"http:\/\/www.ovabilisim.com\/?page_id=118"},"modified":"2017-10-30T14:27:36","modified_gmt":"2017-10-30T12:27:36","slug":"ozel-yazilim","status":"publish","type":"page","link":"https:\/\/www.ovabilisim.com\/index.php\/ozel-yazilim\/","title":{"rendered":"\u00f6zel Yaz\u0131l\u0131m"},"content":{"rendered":"<p>OVAB\u0130L\u0130\u015e\u0130M olarak sizlerden gelen talepler do\u011frultusunda beklenti ve gereksinimlerinize g\u00f6re firman\u0131za katmade\u011fer yaratan \u00f6zel yaz\u0131l\u0131m hizmetlerini, mobil uygulamalar\u0131 \u00a0ger\u00e7ekle\u015ftiriyoruz.<\/p>\n<p>&nbsp;<\/p>\n<p><strong><img loading=\"lazy\" decoding=\"async\" class=\"alignnone  wp-image-119\" src=\"http:\/\/www.ovabilisim.com\/wp-content\/uploads\/2017\/10\/ozelyazilim1-300x186.jpg\" alt=\"\" width=\"311\" height=\"193\" srcset=\"https:\/\/www.ovabilisim.com\/wp-content\/uploads\/2017\/10\/ozelyazilim1-300x186.jpg 300w, https:\/\/www.ovabilisim.com\/wp-content\/uploads\/2017\/10\/ozelyazilim1.jpg 372w\" sizes=\"(max-width: 311px) 100vw, 311px\" \/><\/strong><\/p>\n<p><strong><br \/>\n\u015e\u00fcphesiz, \u00f6ncelikle, gerekli analizleri yaparak, i\u015f ak\u0131\u015flar\u0131n\u0131, s\u00fcre\u00e7leri planl\u0131yor, tasarl\u0131yor ve \u015firketinize uygun \u00f6zel yaz\u0131l\u0131m \u00e7\u00f6z\u00fcmlerini, mobil uygulamalar\u0131, web tabanl\u0131 t\u00fcm uygulamalar\u0131 yap\u0131yoruz.<\/strong><\/p>\n<p>&nbsp;<\/p>\n<p><img loading=\"lazy\" decoding=\"async\" class=\"alignnone  wp-image-120\" src=\"http:\/\/www.ovabilisim.com\/wp-content\/uploads\/2017\/10\/ozelyazilim2-213x300.jpg\" alt=\"\" width=\"360\" height=\"507\" srcset=\"https:\/\/www.ovabilisim.com\/wp-content\/uploads\/2017\/10\/ozelyazilim2-213x300.jpg 213w, https:\/\/www.ovabilisim.com\/wp-content\/uploads\/2017\/10\/ozelyazilim2.jpg 425w\" sizes=\"(max-width: 360px) 100vw, 360px\" \/><\/p>\n<p><strong>YAZILIM GEL\u0130\u015eT\u0130RME SERV\u0130SLER\u0130M\u0130Z<\/strong><\/p>\n<p>&#8211; Web Uygulama Geli\u015ftirme<\/p>\n<p>&#8211; UI \/UX Dizayn<\/p>\n<p>&#8211; Web sitesini mobil uygulama haline getirmek<\/p>\n<p>&#8211; Web tasar\u0131m\u0131 ve web uygulama geli\u015ftirme<\/p>\n<div id=\"_mcePaste\"><\/div>\n<div id=\"_mcePaste\">Web tasar\u0131m\u0131 ve geli\u015ftirilmesi<\/div>\n<p>&nbsp;<\/p>\n<p>&#8211; Mobil Uygulama Geli\u015ftirme:<\/p>\n<p>&#8211; Android Uygulama Geli\u015ftirme<\/p>\n<p>&#8211; IOS Uygulama Geli\u015ftirme<\/p>\n<p>&#8211; Hibrid Uygulama Geli\u015ftirme, \u00c7arpraz Platform Uygulamalar\u0131 (Cross Platform Development)<\/p>\n<p>&#8211; Giyilebilir Uygulama Geli\u015ftirme (Wearable App Development)<\/p>\n<p>&#8211; Bulut Tabanl\u0131 Hizmetler<\/p>\n<p>&#8211; Desktop Uygulama Geli\u015ftirme<\/p>\n<p>&#8211; Veritaban\u0131 tasar\u0131m ve \u00e7\u00f6z\u00fcmleri<\/p>\n<p>&#8211; Yaz\u0131l\u0131m Testleri<\/p>\n<p>&nbsp;<\/p>\n<p><strong>\u00d6ZEL YAZILIMLAR &amp; ANDROID IOS MOB\u0130L UYGULAMALAR SAYES\u0130NDE\u00a0<\/strong><\/p>\n<p><strong>&#8211;\u00a0<\/strong><strong>Rakiplerinizin \u00f6n\u00fcne ge\u00e7ersiniz.<\/strong><\/p>\n<p><strong>&#8211; Farkl\u0131l\u0131k yarat\u0131rs\u0131n\u0131z.<\/strong><\/p>\n<p><strong>&#8211; M\u00fc\u015fterilerinize daha kaliteli hizmet sunars\u0131n\u0131z.<\/strong><\/p>\n<p><strong>&#8211; Zamandan tasarruf sa\u011flars\u0131n\u0131z.<\/strong><\/p>\n<p><strong>&#8211; Verimlilik artar.<\/strong><\/p>\n<p><strong>&#8211; Riskler azal\u0131r.<\/strong><\/p>\n<p><strong>&#8211; Maliyetler azal\u0131r.<\/strong><\/p>\n<p><strong>&#8211; \u0130\u015f hedeflerinize ula\u015f\u0131rs\u0131n\u0131z.<\/strong><\/p>\n<p>\u00d6zel Yaz\u0131l\u0131m ve Mobil Aplikasyonlar sayesinde firrman\u0131n performans ve verimlili\u011fi artar, i\u015f ak\u0131\u015flar\u0131 aras\u0131ndaki denetim g\u00fc\u00e7lenir, dolay\u0131s\u0131 ile daha kaliteli \u00fcretimi i\u015f g\u00fcc\u00fcn\u00fc azaltarak dolay\u0131s\u0131 ile de maliyetleri azaltarak sa\u011flar.<\/p>\n<p>\u00d6zel Yaz\u0131l\u0131mlar paket yaz\u0131l\u0131mlar ile k\u0131yasland\u0131klar\u0131nda hem fiyat hem performans y\u00f6n\u00fcnden daha avantajl\u0131 olmaktad\u0131rlar. Bu t\u00fcr paket yaz\u0131l\u0131mlar\u0131n en son teknolojiye d\u00fczenli adapte olabilmeleri ve bu g\u00fcncellemeleri son kullan\u0131c\u0131lar\u0131na yans\u0131tmalar\u0131 da zaman almaktad\u0131r. \u00d6zel yaz\u0131l\u0131mlar etkin bir teknik destekle s\u00fcrekli geli\u015ftirilebilinirler.<\/p>\n<p>Geli\u015ftirilecek her \u00f6zel yaz\u0131l\u0131m yada mobil aplikasyon yaz\u0131l\u0131 bir s\u00f6zle\u015fme ile teyit alt\u0131na al\u0131n\u0131r ve proje maliyetinin belirlenen y\u00fczde oran\u0131nda bir pe\u015finat\u0131 al\u0131narak \u00f6zel yaz\u0131l\u0131m hizmetine ba\u015flan\u0131r. S\u00f6zle\u015fmede proje \u00f6demelerin takvimi ve projenin teslimat plan\u0131 yer alacakt\u0131r.<\/p>\n<p>\u00d6zel Yaz\u0131l\u0131m Geli\u015ftirme konusunda anla\u015fman\u0131n sa\u011flanmas\u0131 ile birlikte, proje i\u00e7inde yer almayan istek ve talepler kar\u015f\u0131l\u0131kl\u0131 olarak de\u011ferlendirilerek sonuca ba\u011flanacakt\u0131r. \u00d6zel yaz\u0131l\u0131m hizmetleri ad\u0131 alt\u0131nda geli\u015ftirilecek projeler; firma talep ve beklentileri do\u011frultusunda yap\u0131lacak analiz \u00e7al\u0131\u015fmalar\u0131na ba\u011fl\u0131 olarak, de\u011ferlendirilecek ve teklif halinde sunulacakt\u0131r.<\/p>\n<p>&nbsp;<\/p>\n","protected":false},"excerpt":{"rendered":"<p>OVAB\u0130L\u0130\u015e\u0130M olarak sizlerden gelen talepler do\u011frultusunda beklenti ve gereksinimlerinize g\u00f6re firman\u0131za katmade\u011fer yaratan \u00f6zel yaz\u0131l\u0131m hizmetlerini, mobil uygulamalar\u0131 \u00a0ger\u00e7ekle\u015ftiriyoruz. &nbsp; \u015e\u00fcphesiz, \u00f6ncelikle, gerekli analizleri yaparak, i\u015f ak\u0131\u015flar\u0131n\u0131, s\u00fcre\u00e7leri planl\u0131yor, tasarl\u0131yor ve \u015firketinize uygun \u00f6zel yaz\u0131l\u0131m \u00e7\u00f6z\u00fcmlerini, mobil uygulamalar\u0131, web tabanl\u0131 t\u00fcm uygulamalar\u0131 yap\u0131yoruz. &nbsp; YAZILIM GEL\u0130\u015eT\u0130RME SERV\u0130SLER\u0130M\u0130Z &#8211; Web Uygulama Geli\u015ftirme &#8211; UI \/UX Dizayn&hellip;<\/p>\n","protected":false},"author":1,"featured_media":0,"parent":0,"menu_order":0,"comment_status":"closed","ping_status":"closed","template":"","meta":{"footnotes":""},"yoast_head":"<!-- This site is optimized with the Yoast SEO plugin v22.0 - https:\/\/yoast.com\/wordpress\/plugins\/seo\/ -->\n<title>\u00f6zel Yaz\u0131l\u0131m - Ovabili\u015fim Sistemleri Ltd.\u015eti<\/title>\n<meta name=\"robots\" content=\"index, follow, max-snippet:-1, max-image-preview:large, max-video-preview:-1\" \/>\n<link rel=\"canonical\" href=\"http:\/\/www.ovabilisim.com\/index.php\/ozel-yazilim\/\" \/>\n<meta property=\"og:locale\" content=\"tr_TR\" \/>\n<meta property=\"og:type\" content=\"article\" \/>\n<meta property=\"og:title\" content=\"\u00f6zel Yaz\u0131l\u0131m - Ovabili\u015fim Sistemleri Ltd.\u015eti\" \/>\n<meta property=\"og:description\" content=\"OVAB\u0130L\u0130\u015e\u0130M olarak sizlerden gelen talepler do\u011frultusunda beklenti ve gereksinimlerinize g\u00f6re firman\u0131za katmade\u011fer yaratan \u00f6zel yaz\u0131l\u0131m hizmetlerini, mobil uygulamalar\u0131 \u00a0ger\u00e7ekle\u015ftiriyoruz. &nbsp; \u015e\u00fcphesiz, \u00f6ncelikle, gerekli analizleri yaparak, i\u015f ak\u0131\u015flar\u0131n\u0131, s\u00fcre\u00e7leri planl\u0131yor, tasarl\u0131yor ve \u015firketinize uygun \u00f6zel yaz\u0131l\u0131m \u00e7\u00f6z\u00fcmlerini, mobil uygulamalar\u0131, web tabanl\u0131 t\u00fcm uygulamalar\u0131 yap\u0131yoruz. &nbsp; YAZILIM GEL\u0130\u015eT\u0130RME SERV\u0130SLER\u0130M\u0130Z &#8211; Web Uygulama Geli\u015ftirme &#8211; UI \/UX Dizayn&hellip;\" \/>\n<meta property=\"og:url\" content=\"http:\/\/www.ovabilisim.com\/index.php\/ozel-yazilim\/\" \/>\n<meta property=\"og:site_name\" content=\"Ovabili\u015fim Sistemleri Ltd.\u015eti\" \/>\n<meta property=\"article:publisher\" content=\"https:\/\/www.facebook.com\/OvaBilisimSistemleri\" \/>\n<meta property=\"og:image\" content=\"http:\/\/www.ovabilisim.com\/wp-content\/uploads\/2017\/10\/ozelyazilim1-300x186.jpg\" \/>\n<meta name=\"twitter:card\" content=\"summary_large_image\" \/>\n<meta name=\"twitter:label1\" content=\"Tahmini okuma s\u00fcresi\" \/>\n\t<meta name=\"twitter:data1\" content=\"2 dakika\" \/>\n<script type=\"application\/ld+json\" class=\"yoast-schema-graph\">{\"@context\":\"https:\/\/schema.org\",\"@graph\":[{\"@type\":\"WebPage\",\"@id\":\"http:\/\/www.ovabilisim.com\/index.php\/ozel-yazilim\/\",\"url\":\"http:\/\/www.ovabilisim.com\/index.php\/ozel-yazilim\/\",\"name\":\"\u00f6zel Yaz\u0131l\u0131m - Ovabili\u015fim Sistemleri Ltd.\u015eti\",\"isPartOf\":{\"@id\":\"http:\/\/www.ovabilisim.com\/#website\"},\"datePublished\":\"2017-10-30T12:27:36+00:00\",\"dateModified\":\"2017-10-30T12:27:36+00:00\",\"breadcrumb\":{\"@id\":\"http:\/\/www.ovabilisim.com\/index.php\/ozel-yazilim\/#breadcrumb\"},\"inLanguage\":\"tr\",\"potentialAction\":[{\"@type\":\"ReadAction\",\"target\":[\"http:\/\/www.ovabilisim.com\/index.php\/ozel-yazilim\/\"]}]},{\"@type\":\"BreadcrumbList\",\"@id\":\"http:\/\/www.ovabilisim.com\/index.php\/ozel-yazilim\/#breadcrumb\",\"itemListElement\":[{\"@type\":\"ListItem\",\"position\":1,\"name\":\"Anasayfa\",\"item\":\"http:\/\/www.ovabilisim.com\/\"},{\"@type\":\"ListItem\",\"position\":2,\"name\":\"\u00f6zel Yaz\u0131l\u0131m\"}]},{\"@type\":\"WebSite\",\"@id\":\"http:\/\/www.ovabilisim.com\/#website\",\"url\":\"http:\/\/www.ovabilisim.com\/\",\"name\":\"Ovabili\u015fim Dia adana ERP\",\"description\":\"0 ve 1 &#039;in oldu\u011fu her yerdeyiz\",\"publisher\":{\"@id\":\"http:\/\/www.ovabilisim.com\/#organization\"},\"alternateName\":\"www.ovabilisim.com\",\"potentialAction\":[{\"@type\":\"SearchAction\",\"target\":{\"@type\":\"EntryPoint\",\"urlTemplate\":\"http:\/\/www.ovabilisim.com\/?s={search_term_string}\"},\"query-input\":\"required name=search_term_string\"}],\"inLanguage\":\"tr\"},{\"@type\":\"Organization\",\"@id\":\"http:\/\/www.ovabilisim.com\/#organization\",\"name\":\"Ovabili\u015fim Dia adana ERP\",\"url\":\"http:\/\/www.ovabilisim.com\/\",\"logo\":{\"@type\":\"ImageObject\",\"inLanguage\":\"tr\",\"@id\":\"http:\/\/www.ovabilisim.com\/#\/schema\/logo\/image\/\",\"url\":\"http:\/\/www.ovabilisim.com\/wp-content\/uploads\/2021\/12\/ovadiaimza.png\",\"contentUrl\":\"http:\/\/www.ovabilisim.com\/wp-content\/uploads\/2021\/12\/ovadiaimza.png\",\"width\":874,\"height\":338,\"caption\":\"Ovabili\u015fim Dia adana ERP\"},\"image\":{\"@id\":\"http:\/\/www.ovabilisim.com\/#\/schema\/logo\/image\/\"},\"sameAs\":[\"https:\/\/www.facebook.com\/OvaBilisimSistemleri\",\"https:\/\/www.instagram.com\/a.bulent.aladag\/\"]}]}<\/script>\n<!-- \/ Yoast SEO plugin. -->","yoast_head_json":{"title":"\u00f6zel Yaz\u0131l\u0131m - Ovabili\u015fim Sistemleri Ltd.\u015eti","robots":{"index":"index","follow":"follow","max-snippet":"max-snippet:-1","max-image-preview":"max-image-preview:large","max-video-preview":"max-video-preview:-1"},"canonical":"http:\/\/www.ovabilisim.com\/index.php\/ozel-yazilim\/","og_locale":"tr_TR","og_type":"article","og_title":"\u00f6zel Yaz\u0131l\u0131m - Ovabili\u015fim Sistemleri Ltd.\u015eti","og_description":"OVAB\u0130L\u0130\u015e\u0130M olarak sizlerden gelen talepler do\u011frultusunda beklenti ve gereksinimlerinize g\u00f6re firman\u0131za katmade\u011fer yaratan \u00f6zel yaz\u0131l\u0131m hizmetlerini, mobil uygulamalar\u0131 \u00a0ger\u00e7ekle\u015ftiriyoruz. &nbsp; \u015e\u00fcphesiz, \u00f6ncelikle, gerekli analizleri yaparak, i\u015f ak\u0131\u015flar\u0131n\u0131, s\u00fcre\u00e7leri planl\u0131yor, tasarl\u0131yor ve \u015firketinize uygun \u00f6zel yaz\u0131l\u0131m \u00e7\u00f6z\u00fcmlerini, mobil uygulamalar\u0131, web tabanl\u0131 t\u00fcm uygulamalar\u0131 yap\u0131yoruz. &nbsp; YAZILIM GEL\u0130\u015eT\u0130RME SERV\u0130SLER\u0130M\u0130Z &#8211; Web Uygulama Geli\u015ftirme &#8211; UI \/UX Dizayn&hellip;","og_url":"http:\/\/www.ovabilisim.com\/index.php\/ozel-yazilim\/","og_site_name":"Ovabili\u015fim Sistemleri Ltd.\u015eti","article_publisher":"https:\/\/www.facebook.com\/OvaBilisimSistemleri","og_image":[{"url":"http:\/\/www.ovabilisim.com\/wp-content\/uploads\/2017\/10\/ozelyazilim1-300x186.jpg"}],"twitter_card":"summary_large_image","twitter_misc":{"Tahmini okuma s\u00fcresi":"2 dakika"},"schema":{"@context":"https:\/\/schema.org","@graph":[{"@type":"WebPage","@id":"http:\/\/www.ovabilisim.com\/index.php\/ozel-yazilim\/","url":"http:\/\/www.ovabilisim.com\/index.php\/ozel-yazilim\/","name":"\u00f6zel Yaz\u0131l\u0131m - Ovabili\u015fim Sistemleri Ltd.\u015eti","isPartOf":{"@id":"http:\/\/www.ovabilisim.com\/#website"},"datePublished":"2017-10-30T12:27:36+00:00","dateModified":"2017-10-30T12:27:36+00:00","breadcrumb":{"@id":"http:\/\/www.ovabilisim.com\/index.php\/ozel-yazilim\/#breadcrumb"},"inLanguage":"tr","potentialAction":[{"@type":"ReadAction","target":["http:\/\/www.ovabilisim.com\/index.php\/ozel-yazilim\/"]}]},{"@type":"BreadcrumbList","@id":"http:\/\/www.ovabilisim.com\/index.php\/ozel-yazilim\/#breadcrumb","itemListElement":[{"@type":"ListItem","position":1,"name":"Anasayfa","item":"http:\/\/www.ovabilisim.com\/"},{"@type":"ListItem","position":2,"name":"\u00f6zel Yaz\u0131l\u0131m"}]},{"@type":"WebSite","@id":"http:\/\/www.ovabilisim.com\/#website","url":"http:\/\/www.ovabilisim.com\/","name":"Ovabili\u015fim Dia adana ERP","description":"0 ve 1 &#039;in oldu\u011fu her yerdeyiz","publisher":{"@id":"http:\/\/www.ovabilisim.com\/#organization"},"alternateName":"www.ovabilisim.com","potentialAction":[{"@type":"SearchAction","target":{"@type":"EntryPoint","urlTemplate":"http:\/\/www.ovabilisim.com\/?s={search_term_string}"},"query-input":"required name=search_term_string"}],"inLanguage":"tr"},{"@type":"Organization","@id":"http:\/\/www.ovabilisim.com\/#organization","name":"Ovabili\u015fim Dia adana ERP","url":"http:\/\/www.ovabilisim.com\/","logo":{"@type":"ImageObject","inLanguage":"tr","@id":"http:\/\/www.ovabilisim.com\/#\/schema\/logo\/image\/","url":"http:\/\/www.ovabilisim.com\/wp-content\/uploads\/2021\/12\/ovadiaimza.png","contentUrl":"http:\/\/www.ovabilisim.com\/wp-content\/uploads\/2021\/12\/ovadiaimza.png","width":874,"height":338,"caption":"Ovabili\u015fim Dia adana ERP"},"image":{"@id":"http:\/\/www.ovabilisim.com\/#\/schema\/logo\/image\/"},"sameAs":["https:\/\/www.facebook.com\/OvaBilisimSistemleri","https:\/\/www.instagram.com\/a.bulent.aladag\/"]}]}},"_links":{"self":[{"href":"https:\/\/www.ovabilisim.com\/index.php\/wp-json\/wp\/v2\/pages\/118"}],"collection":[{"href":"https:\/\/www.ovabilisim.com\/index.php\/wp-json\/wp\/v2\/pages"}],"about":[{"href":"https:\/\/www.ovabilisim.com\/index.php\/wp-json\/wp\/v2\/types\/page"}],"author":[{"embeddable":true,"href":"https:\/\/www.ovabilisim.com\/index.php\/wp-json\/wp\/v2\/users\/1"}],"replies":[{"embeddable":true,"href":"https:\/\/www.ovabilisim.com\/index.php\/wp-json\/wp\/v2\/comments?post=118"}],"version-history":[{"count":1,"href":"https:\/\/www.ovabilisim.com\/index.php\/wp-json\/wp\/v2\/pages\/118\/revisions"}],"predecessor-version":[{"id":121,"href":"https:\/\/www.ovabilisim.com\/index.php\/wp-json\/wp\/v2\/pages\/118\/revisions\/121"}],"wp:attachment":[{"href":"https:\/\/www.ovabilisim.com\/index.php\/wp-json\/wp\/v2\/media?parent=118"}],"curies":[{"name":"wp","href":"https:\/\/api.w.org\/{rel}","templated":true}]}}