{"id":289,"date":"2017-11-07T11:38:07","date_gmt":"2017-11-07T09:38:07","guid":{"rendered":"http:\/\/www.ovabilisim.com\/?page_id=289"},"modified":"2017-11-07T11:38:07","modified_gmt":"2017-11-07T09:38:07","slug":"magazacilik-yonetimi","status":"publish","type":"page","link":"http:\/\/www.ovabilisim.com\/index.php\/magazacilik-yonetimi\/","title":{"rendered":"Ma\u011fazac\u0131l\u0131k Y\u00f6netimi"},"content":{"rendered":"<h2>H\u0131zl\u0131 Sat\u0131\u015f, Market, Perakende, Ma\u011fazac\u0131l\u0131k Program\u0131<\/h2>\n<p>H\u0131zl\u0131 sat\u0131\u015f yapan t\u00fcm firmalar perakende g\u0131da sat\u0131\u015f\u0131 yapan market ve s\u00fcpermarketler, toptan g\u0131da sat\u0131\u015f\u0131 yapan toptanc\u0131lar i\u00e7in D\u0130A\u2019n\u0131n her mod\u00fcl\u00fcnde farkl\u0131 \u00f6zellikler bulunmaktad\u0131r. Bu \u00f6zellikler sayesinde i\u015fletme ihtiya\u00e7lar\u0131\u00a0<strong>pratik ve h\u0131zl\u0131<\/strong>\u00a0bir \u015fekilde \u00e7\u00f6z\u00fclebilmektedir.\u00a0<strong>D\u0130A\u00a0Yaz\u0131l\u0131m<\/strong>\u2019\u0131n uzman kadrosu taraf\u0131ndan bu sekt\u00f6rlerde faaliyet g\u00f6steren firmalar\u0131n ihtiya\u00e7lar\u0131 ve istekleri analiz edilerek geli\u015ftirilmi\u015f olan \u00f6zellikler sayesinde kaliteli ma\u011faza y\u00f6netimleri ger\u00e7ekle\u015ftirirsiniz.<\/p>\n<h2 class=\"spot\">Ayn\u0131 Anda T\u00fcm Ma\u011fazalar\u0131n\u0131z\u0131 Kontrol Edin!<\/h2>\n<div><img loading=\"lazy\" decoding=\"async\" class=\"aligncenter size-full img-responsive\" title=\"Ma\u011fazac\u0131l\u0131k Program\u0131\" src=\"http:\/\/www.dia.com.tr\/wp-content\/uploads\/magazacilik-yonetimi.jpg\" alt=\"Ma\u011fazac\u0131l\u0131k Program\u0131\" width=\"848\" height=\"300\" \/><\/div>\n<hr class=\"tall\" \/>\n<h2>Ma\u011fazac\u0131l\u0131k<\/h2>\n<div class=\"esitle\">\n<div class=\"col-md-6 esit1\">\u015eube-Ma\u011faza-Depo Y\u00f6netimi<\/div>\n<div class=\"col-md-6 esit2\">Geli\u015fmi\u015f Yetkilendirme<\/div>\n<\/div>\n<div class=\"esitle\">\n<div class=\"col-md-6 esit2\">Ma\u011faza Performans Takibi<\/div>\n<div class=\"col-md-6 esit3\">Basit Kurulum ve Y\u00f6netim<\/div>\n<\/div>\n<p>&nbsp;<\/p>\n<ul>\n<li>Par\u00e7al\u0131 tahsilat y\u00f6netimi<\/li>\n<li>Varyant, Seri, Plu \u00fcr\u00fcn takibi<\/li>\n<li>H\u0131zl\u0131 sat\u0131\u015f ekranlar\u0131<\/li>\n<li>Barkod kullan\u0131m\u0131 ile uygulama<\/li>\n<li>Sat\u0131\u015f beklemeye alma<\/li>\n<li>S\u0131n\u0131rs\u0131z fiyat kartlar\u0131<\/li>\n<li>Yazarkasa\/ POS deste\u011fi<\/li>\n<\/ul>\n<h2>Genel \u00d6zellikleri \u2013 Avantajlar\u0131<\/h2>\n<ul>\n<li>Farkl\u0131 noktalarda yer alan ma\u011fazalar\u0131n\u0131z\u0131 \u015fube tan\u0131m\u0131 ile ve ma\u011fazalar\u0131n\u0131zda yer alan depolar\u0131n\u0131z\u0131 \u015fube tan\u0131m\u0131 alt\u0131nda yer alan depo tan\u0131mlar\u0131 ile rahatl\u0131kla tan\u0131mlayabilirsiniz.<\/li>\n<li>Kullan\u0131c\u0131lar\u0131n\u0131z\u0131n yetkilendirmesini ma\u011faza baz\u0131nda yapabilir, sadece belirledi\u011finiz ma\u011fazalarda i\u015flem yapabilmesini sa\u011flayabilirsiniz.\u00a0<strong>Ma\u011faza depolar\u0131n\u0131za da ayr\u0131ca yetkiler tan\u0131mlayabilirsiniz<\/strong>.<\/li>\n<li>Ma\u011fazalar\u0131n ciro, karl\u0131l\u0131k gibi analizlerini yapabilir, kar\u015f\u0131la\u015ft\u0131rmal\u0131 raporlar haz\u0131rlayabilirsiniz. Ma\u011fazalarda \u00e7al\u0131\u015fan personel detay\u0131nda da bu raporlar\u0131 detayland\u0131rabilirsiniz.<\/li>\n<li>Yeni bir ma\u011faza kurulumu i\u00e7in yeni lisanslar, saatler s\u00fcren kurulumlar ile u\u011fra\u015fman\u0131za gerek duyulmamaktad\u0131r. Firma tan\u0131m\u0131n\u0131z alt\u0131nda yeni bir ma\u011faza (\u015fube) tan\u0131m\u0131, istedi\u011finiz kullan\u0131c\u0131lara bu ma\u011faza i\u00e7in yetkilendirmeniz sonras\u0131nda direkt ma\u011fazan\u0131zdaki herhangi bir bilgisayardan\u00a0<strong>D\u0130A-\u0130stemci<\/strong>\u00a0ile ba\u011flant\u0131n\u0131z\u0131 kurabilir ve sat\u0131\u015f, depo mal kabul, barkodlama ve fiyatland\u0131rma gibi i\u015flemlerinizi yapabilirsiniz.\u00a0<strong>Dakikalar i\u00e7erisinde yeni ma\u011fazan\u0131z haz\u0131r<\/strong>. Ma\u011fazada \u00e7al\u0131\u015facak personellerinizin tan\u0131mlar\u0131n\u0131 merkezden tan\u0131mlad\u0131\u011f\u0131n\u0131z anda ma\u011fazadan giri\u015flerini rahatl\u0131kla yapabileceklerdir.<\/li>\n<\/ul>\n<p><a href=\"http:\/\/www.youtube.com\/embed\/FIAKS9COwcc?vq=hd720\" data-rel=\"lightbox-video-0\"><strong>Kullan\u0131c\u0131 Yetkileri ve Yetki Kodlar\u0131 Nas\u0131l Tan\u0131mlan\u0131r?<\/strong><\/a><\/p>\n<hr class=\"tall\" \/>\n<h2 class=\"text-center\">Mod\u00fcller<\/h2>\n<div class=\"row\">\n<div class=\"col-md-3 yarigizli\">\n<h3>H\u0131zl\u0131 Sat\u0131\u015f<\/h3>\n<div class=\"modulbutonlar\"><\/div>\n<ul>\n<li><strong>Dokunmatik Tasar\u0131m:<\/strong>\u00a0Yazarkasa veya POS sistemleri kullanmak yerine yaz\u0131l\u0131m\u2026<\/li>\n<li><strong>Barkod-Seri-Varyant Deste\u011fi:<\/strong>Barkod cihaz\u0131n\u0131z ile yapaca\u011f\u0131n\u0131z EAN barkodunun\u2026<\/li>\n<li>Barkod okuturken ba\u015f\u0131na miktar\u0131n\u0131 girerek i\u015flem yap\u0131labilmesi sayesinde h\u0131zl\u0131 kullan\u0131m imkan\u0131\u2026<\/li>\n<li><strong>Bekleyen M\u00fc\u015fteri Deste\u011fi:<\/strong>\u00a0Sat\u0131\u015f esnas\u0131nda mevcut sat\u0131\u015f\u0131 beklemeye al\u0131p di\u011fer bir sat\u0131\u015f\u0131 \u2026<\/li>\n<\/ul>\n<p><a class=\" pps-button-popup-487 pps-button-popup genislet\" title=\"Detay\" href=\"https:\/\/www.dia.com.tr\/magazacilik-yonetimi\/#\"><img decoding=\"async\" src=\"https:\/\/www.dia.com.tr\/wp-content\/uploads\/bilgi.png\" alt=\"\" \/><\/a><\/div>\n<div class=\"col-md-3 yarigizli\">\n<h3>POS<\/h3>\n<div class=\"modulbutonlar\"><\/div>\n<ul>\n<li><strong>Hugin ER-420 TB, ER-425 TX Deste\u011fi:<\/strong>Hugin ER-420 TB, ER-425 TX, Sharp ER-A 495T model yazarkasalar ile ..<\/li>\n<li>Sharp ER-A 495T Deste\u011fi<\/li>\n<li><strong>IBM POS Genius Entegrasyonu:\u00a0<\/strong>IBM POS Genius Entegrasyonu ile malzeme tan\u0131mlar\u0131 ve fiyatlar\u0131\u2026<\/li>\n<li><strong>Farkl\u0131 Terazi Modelleri Deste\u011fi:<\/strong>Terazilere malzeme tan\u0131mlar\u0131n\u0131n, barkod ve fiyat bilgilerinin\u2026<\/li>\n<\/ul>\n<p><a class=\" pps-button-popup-488 pps-button-popup genislet\" title=\"Detay\" href=\"https:\/\/www.dia.com.tr\/magazacilik-yonetimi\/#\"><img decoding=\"async\" src=\"https:\/\/www.dia.com.tr\/wp-content\/uploads\/bilgi.png\" alt=\"\" \/><\/a><\/div>\n<\/div>\n<hr \/>\n<h2>Neden Ma\u011faza Y\u00f6netimi Program\u0131?<\/h2>\n<p>B\u00fcy\u00fck ve b\u00fcy\u00fcmekte olan firmalar ma\u011fazalar\u0131n\u0131 online sistemler \u00fczerinden kontrol ediyorlar. H\u0131zl\u0131 sat\u0131\u015f yapmaya ve \u015fubeleri g\u00fcnl\u00fck olarak kontrol etmeye izin veren\u00a0<strong>Ma\u011fazac\u0131l\u0131k Program\u0131<\/strong>, firman\u0131za da say\u0131s\u0131z avantaj sa\u011flayacak.<\/p>\n<ul>\n<li><strong>S\u0131n\u0131rs\u0131z stok giri\u015fi yapmak<\/strong>,<\/li>\n<li>\u00c7al\u0131\u015fanlar\u0131n\u0131z\u0131n performans\u0131n\u0131 takip etmek,<\/li>\n<li><strong>Geli\u015fmi\u015f rapor sistemine sahip olmak<\/strong>,<\/li>\n<li>Sevkiyatlar\u0131n\u0131z\u0131 kontrol etmek,<\/li>\n<li>\u00dcr\u00fcnlerinizi takip etmek,<\/li>\n<li>Fiyatlar\u0131n\u0131z\u0131 topluca ve kolayca g\u00fcncellemek,<\/li>\n<li><strong>M\u00fc\u015fteri ili\u015fkilerinizi y\u00f6netmek<\/strong>,<\/li>\n<li>Toplu mail ve SMS g\u00f6ndermek istiyorsan\u0131z D\u0130A kullanmal\u0131s\u0131n\u0131z,<\/li>\n<\/ul>\n<h2>Tek Sistem, H\u0131zl\u0131 Y\u00f6netim, An\u0131nda Entegrasyon!<\/h2>\n<p>B\u00fcy\u00fcyen ve bayile\u015fen ma\u011fazalar i\u00e7in olu\u015fturulan\u00a0<strong>D\u0130A Ma\u011fazac\u0131l\u0131k Y\u00f6netim Sistemi<\/strong>\u00a0sayesinde profesyonel bir \u015fekilde ma\u011fazalar\u0131n\u0131zda kontrol ve takip sa\u011flayacaks\u0131n\u0131z. Kolay \u00f6\u011frenilebilirli\u011fi ve kullan\u0131m rahatl\u0131\u011f\u0131 sa\u011flamas\u0131 a\u00e7\u0131s\u0131ndan tercih edebilece\u011finiz sisteme tek t\u0131kla istedi\u011finiz yerden ula\u015fabilirsiniz.<\/p>\n","protected":false},"excerpt":{"rendered":"<p>H\u0131zl\u0131 Sat\u0131\u015f, Market, Perakende, Ma\u011fazac\u0131l\u0131k Program\u0131 H\u0131zl\u0131 sat\u0131\u015f yapan t\u00fcm firmalar perakende g\u0131da sat\u0131\u015f\u0131 yapan market ve s\u00fcpermarketler, toptan g\u0131da sat\u0131\u015f\u0131 yapan toptanc\u0131lar i\u00e7in D\u0130A\u2019n\u0131n her mod\u00fcl\u00fcnde farkl\u0131 \u00f6zellikler bulunmaktad\u0131r. Bu \u00f6zellikler sayesinde i\u015fletme ihtiya\u00e7lar\u0131\u00a0pratik ve h\u0131zl\u0131\u00a0bir \u015fekilde \u00e7\u00f6z\u00fclebilmektedir.\u00a0D\u0130A\u00a0Yaz\u0131l\u0131m\u2019\u0131n uzman kadrosu taraf\u0131ndan bu sekt\u00f6rlerde faaliyet g\u00f6steren firmalar\u0131n ihtiya\u00e7lar\u0131 ve istekleri analiz edilerek geli\u015ftirilmi\u015f olan \u00f6zellikler&hellip;<\/p>\n","protected":false},"author":1,"featured_media":0,"parent":0,"menu_order":0,"comment_status":"closed","ping_status":"closed","template":"","meta":{"footnotes":""},"yoast_head":"<!-- This site is optimized with the Yoast SEO plugin v22.0 - https:\/\/yoast.com\/wordpress\/plugins\/seo\/ -->\n<title>Ma\u011fazac\u0131l\u0131k Y\u00f6netimi - Ovabili\u015fim Sistemleri Ltd.\u015eti<\/title>\n<meta name=\"robots\" content=\"index, follow, max-snippet:-1, max-image-preview:large, max-video-preview:-1\" \/>\n<link rel=\"canonical\" href=\"https:\/\/www.ovabilisim.com\/index.php\/magazacilik-yonetimi\/\" \/>\n<meta property=\"og:locale\" content=\"tr_TR\" \/>\n<meta property=\"og:type\" content=\"article\" \/>\n<meta property=\"og:title\" content=\"Ma\u011fazac\u0131l\u0131k Y\u00f6netimi - Ovabili\u015fim Sistemleri Ltd.\u015eti\" \/>\n<meta property=\"og:description\" content=\"H\u0131zl\u0131 Sat\u0131\u015f, Market, Perakende, Ma\u011fazac\u0131l\u0131k Program\u0131 H\u0131zl\u0131 sat\u0131\u015f yapan t\u00fcm firmalar perakende g\u0131da sat\u0131\u015f\u0131 yapan market ve s\u00fcpermarketler, toptan g\u0131da sat\u0131\u015f\u0131 yapan toptanc\u0131lar i\u00e7in D\u0130A\u2019n\u0131n her mod\u00fcl\u00fcnde farkl\u0131 \u00f6zellikler bulunmaktad\u0131r. Bu \u00f6zellikler sayesinde i\u015fletme ihtiya\u00e7lar\u0131\u00a0pratik ve h\u0131zl\u0131\u00a0bir \u015fekilde \u00e7\u00f6z\u00fclebilmektedir.\u00a0D\u0130A\u00a0Yaz\u0131l\u0131m\u2019\u0131n uzman kadrosu taraf\u0131ndan bu sekt\u00f6rlerde faaliyet g\u00f6steren firmalar\u0131n ihtiya\u00e7lar\u0131 ve istekleri analiz edilerek geli\u015ftirilmi\u015f olan \u00f6zellikler&hellip;\" \/>\n<meta property=\"og:url\" content=\"https:\/\/www.ovabilisim.com\/index.php\/magazacilik-yonetimi\/\" \/>\n<meta property=\"og:site_name\" content=\"Ovabili\u015fim Sistemleri Ltd.\u015eti\" \/>\n<meta property=\"article:publisher\" content=\"https:\/\/www.facebook.com\/OvaBilisimSistemleri\" \/>\n<meta property=\"og:image\" content=\"http:\/\/www.dia.com.tr\/wp-content\/uploads\/magazacilik-yonetimi.jpg\" \/>\n<meta name=\"twitter:card\" content=\"summary_large_image\" \/>\n<meta name=\"twitter:label1\" content=\"Tahmini okuma s\u00fcresi\" \/>\n\t<meta name=\"twitter:data1\" content=\"3 dakika\" \/>\n<script type=\"application\/ld+json\" class=\"yoast-schema-graph\">{\"@context\":\"https:\/\/schema.org\",\"@graph\":[{\"@type\":\"WebPage\",\"@id\":\"https:\/\/www.ovabilisim.com\/index.php\/magazacilik-yonetimi\/\",\"url\":\"https:\/\/www.ovabilisim.com\/index.php\/magazacilik-yonetimi\/\",\"name\":\"Ma\u011fazac\u0131l\u0131k Y\u00f6netimi - Ovabili\u015fim Sistemleri Ltd.\u015eti\",\"isPartOf\":{\"@id\":\"http:\/\/www.ovabilisim.com\/#website\"},\"datePublished\":\"2017-11-07T09:38:07+00:00\",\"dateModified\":\"2017-11-07T09:38:07+00:00\",\"breadcrumb\":{\"@id\":\"https:\/\/www.ovabilisim.com\/index.php\/magazacilik-yonetimi\/#breadcrumb\"},\"inLanguage\":\"tr\",\"potentialAction\":[{\"@type\":\"ReadAction\",\"target\":[\"https:\/\/www.ovabilisim.com\/index.php\/magazacilik-yonetimi\/\"]}]},{\"@type\":\"BreadcrumbList\",\"@id\":\"https:\/\/www.ovabilisim.com\/index.php\/magazacilik-yonetimi\/#breadcrumb\",\"itemListElement\":[{\"@type\":\"ListItem\",\"position\":1,\"name\":\"Anasayfa\",\"item\":\"http:\/\/www.ovabilisim.com\/\"},{\"@type\":\"ListItem\",\"position\":2,\"name\":\"Ma\u011fazac\u0131l\u0131k Y\u00f6netimi\"}]},{\"@type\":\"WebSite\",\"@id\":\"http:\/\/www.ovabilisim.com\/#website\",\"url\":\"http:\/\/www.ovabilisim.com\/\",\"name\":\"Ovabili\u015fim Dia adana ERP\",\"description\":\"0 ve 1 &#039;in oldu\u011fu her yerdeyiz\",\"publisher\":{\"@id\":\"http:\/\/www.ovabilisim.com\/#organization\"},\"alternateName\":\"www.ovabilisim.com\",\"potentialAction\":[{\"@type\":\"SearchAction\",\"target\":{\"@type\":\"EntryPoint\",\"urlTemplate\":\"http:\/\/www.ovabilisim.com\/?s={search_term_string}\"},\"query-input\":\"required name=search_term_string\"}],\"inLanguage\":\"tr\"},{\"@type\":\"Organization\",\"@id\":\"http:\/\/www.ovabilisim.com\/#organization\",\"name\":\"Ovabili\u015fim Dia adana ERP\",\"url\":\"http:\/\/www.ovabilisim.com\/\",\"logo\":{\"@type\":\"ImageObject\",\"inLanguage\":\"tr\",\"@id\":\"http:\/\/www.ovabilisim.com\/#\/schema\/logo\/image\/\",\"url\":\"http:\/\/www.ovabilisim.com\/wp-content\/uploads\/2021\/12\/ovadiaimza.png\",\"contentUrl\":\"http:\/\/www.ovabilisim.com\/wp-content\/uploads\/2021\/12\/ovadiaimza.png\",\"width\":874,\"height\":338,\"caption\":\"Ovabili\u015fim Dia adana ERP\"},\"image\":{\"@id\":\"http:\/\/www.ovabilisim.com\/#\/schema\/logo\/image\/\"},\"sameAs\":[\"https:\/\/www.facebook.com\/OvaBilisimSistemleri\",\"https:\/\/www.instagram.com\/a.bulent.aladag\/\"]}]}<\/script>\n<!-- \/ Yoast SEO plugin. -->","yoast_head_json":{"title":"Ma\u011fazac\u0131l\u0131k Y\u00f6netimi - Ovabili\u015fim Sistemleri Ltd.\u015eti","robots":{"index":"index","follow":"follow","max-snippet":"max-snippet:-1","max-image-preview":"max-image-preview:large","max-video-preview":"max-video-preview:-1"},"canonical":"https:\/\/www.ovabilisim.com\/index.php\/magazacilik-yonetimi\/","og_locale":"tr_TR","og_type":"article","og_title":"Ma\u011fazac\u0131l\u0131k Y\u00f6netimi - Ovabili\u015fim Sistemleri Ltd.\u015eti","og_description":"H\u0131zl\u0131 Sat\u0131\u015f, Market, Perakende, Ma\u011fazac\u0131l\u0131k Program\u0131 H\u0131zl\u0131 sat\u0131\u015f yapan t\u00fcm firmalar perakende g\u0131da sat\u0131\u015f\u0131 yapan market ve s\u00fcpermarketler, toptan g\u0131da sat\u0131\u015f\u0131 yapan toptanc\u0131lar i\u00e7in D\u0130A\u2019n\u0131n her mod\u00fcl\u00fcnde farkl\u0131 \u00f6zellikler bulunmaktad\u0131r. Bu \u00f6zellikler sayesinde i\u015fletme ihtiya\u00e7lar\u0131\u00a0pratik ve h\u0131zl\u0131\u00a0bir \u015fekilde \u00e7\u00f6z\u00fclebilmektedir.\u00a0D\u0130A\u00a0Yaz\u0131l\u0131m\u2019\u0131n uzman kadrosu taraf\u0131ndan bu sekt\u00f6rlerde faaliyet g\u00f6steren firmalar\u0131n ihtiya\u00e7lar\u0131 ve istekleri analiz edilerek geli\u015ftirilmi\u015f olan \u00f6zellikler&hellip;","og_url":"https:\/\/www.ovabilisim.com\/index.php\/magazacilik-yonetimi\/","og_site_name":"Ovabili\u015fim Sistemleri Ltd.\u015eti","article_publisher":"https:\/\/www.facebook.com\/OvaBilisimSistemleri","og_image":[{"url":"http:\/\/www.dia.com.tr\/wp-content\/uploads\/magazacilik-yonetimi.jpg"}],"twitter_card":"summary_large_image","twitter_misc":{"Tahmini okuma s\u00fcresi":"3 dakika"},"schema":{"@context":"https:\/\/schema.org","@graph":[{"@type":"WebPage","@id":"https:\/\/www.ovabilisim.com\/index.php\/magazacilik-yonetimi\/","url":"https:\/\/www.ovabilisim.com\/index.php\/magazacilik-yonetimi\/","name":"Ma\u011fazac\u0131l\u0131k Y\u00f6netimi - Ovabili\u015fim Sistemleri Ltd.\u015eti","isPartOf":{"@id":"http:\/\/www.ovabilisim.com\/#website"},"datePublished":"2017-11-07T09:38:07+00:00","dateModified":"2017-11-07T09:38:07+00:00","breadcrumb":{"@id":"https:\/\/www.ovabilisim.com\/index.php\/magazacilik-yonetimi\/#breadcrumb"},"inLanguage":"tr","potentialAction":[{"@type":"ReadAction","target":["https:\/\/www.ovabilisim.com\/index.php\/magazacilik-yonetimi\/"]}]},{"@type":"BreadcrumbList","@id":"https:\/\/www.ovabilisim.com\/index.php\/magazacilik-yonetimi\/#breadcrumb","itemListElement":[{"@type":"ListItem","position":1,"name":"Anasayfa","item":"http:\/\/www.ovabilisim.com\/"},{"@type":"ListItem","position":2,"name":"Ma\u011fazac\u0131l\u0131k Y\u00f6netimi"}]},{"@type":"WebSite","@id":"http:\/\/www.ovabilisim.com\/#website","url":"http:\/\/www.ovabilisim.com\/","name":"Ovabili\u015fim Dia adana ERP","description":"0 ve 1 &#039;in oldu\u011fu her yerdeyiz","publisher":{"@id":"http:\/\/www.ovabilisim.com\/#organization"},"alternateName":"www.ovabilisim.com","potentialAction":[{"@type":"SearchAction","target":{"@type":"EntryPoint","urlTemplate":"http:\/\/www.ovabilisim.com\/?s={search_term_string}"},"query-input":"required name=search_term_string"}],"inLanguage":"tr"},{"@type":"Organization","@id":"http:\/\/www.ovabilisim.com\/#organization","name":"Ovabili\u015fim Dia adana ERP","url":"http:\/\/www.ovabilisim.com\/","logo":{"@type":"ImageObject","inLanguage":"tr","@id":"http:\/\/www.ovabilisim.com\/#\/schema\/logo\/image\/","url":"http:\/\/www.ovabilisim.com\/wp-content\/uploads\/2021\/12\/ovadiaimza.png","contentUrl":"http:\/\/www.ovabilisim.com\/wp-content\/uploads\/2021\/12\/ovadiaimza.png","width":874,"height":338,"caption":"Ovabili\u015fim Dia adana ERP"},"image":{"@id":"http:\/\/www.ovabilisim.com\/#\/schema\/logo\/image\/"},"sameAs":["https:\/\/www.facebook.com\/OvaBilisimSistemleri","https:\/\/www.instagram.com\/a.bulent.aladag\/"]}]}},"_links":{"self":[{"href":"http:\/\/www.ovabilisim.com\/index.php\/wp-json\/wp\/v2\/pages\/289"}],"collection":[{"href":"http:\/\/www.ovabilisim.com\/index.php\/wp-json\/wp\/v2\/pages"}],"about":[{"href":"http:\/\/www.ovabilisim.com\/index.php\/wp-json\/wp\/v2\/types\/page"}],"author":[{"embeddable":true,"href":"http:\/\/www.ovabilisim.com\/index.php\/wp-json\/wp\/v2\/users\/1"}],"replies":[{"embeddable":true,"href":"http:\/\/www.ovabilisim.com\/index.php\/wp-json\/wp\/v2\/comments?post=289"}],"version-history":[{"count":1,"href":"http:\/\/www.ovabilisim.com\/index.php\/wp-json\/wp\/v2\/pages\/289\/revisions"}],"predecessor-version":[{"id":290,"href":"http:\/\/www.ovabilisim.com\/index.php\/wp-json\/wp\/v2\/pages\/289\/revisions\/290"}],"wp:attachment":[{"href":"http:\/\/www.ovabilisim.com\/index.php\/wp-json\/wp\/v2\/media?parent=289"}],"curies":[{"name":"wp","href":"https:\/\/api.w.org\/{rel}","templated":true}]}}